06*w**c + 179*w**2 + 0*w + w - 1. Is b(1) a composite number?
True
Let q(a) = a**3 + 15*a**2 - a - 12. Let x be q(-15). Suppose x = 3*u - 36. Is -13 + u - 1*-431 prime?
True
Let b = 667 - 657. Let w = 11 + -9. Suppose -w*o = -b*o + 984. Is o composite?
True
Let f = 2990 - 1546. Suppose 109*v + f = 113*v. Is v prime?
False
Suppose 0 = 4*c + 4*d + 4, 3*c + d = -d. Suppose -k = -c*k + 742. Let a = -351 + k. Is a a prime number?
False
Suppose -804*a + 240179 = -785*a. Is a composite?
False
Let z(g) = -48*g + 3. Let r be z(4). Let i = 27872 - 27270. Let d = i - r. Is d prime?
False
Let b(q) = 44*q**2 + 18*q - 2365. Is b(-58) prime?
False
Let p(t) = 11*t**3 - 15*t**2 - 32*t + 47. Is p(14) a composite number?
True
Let p = 25023 + 25216. Is p a composite number?
True
Suppose 2*a = -v - 3*v + 655554, 5*v - 819449 = 4*a. Is (-9)/(-6) - v/(-22) a composite number?
False
Let d = -10 - -6. Let n be ((-160)/(-30))/(d/(-390)). Suppose n - 1802 = -2*h. Is h prime?
True
Let z(v) = 26*v**2 - 38*v + 1. Let j be 40/(-8) - 14/7. Is z(j) a composite number?
True
Let w(v) = 21 + 5*v + 5 - 7 + 14. Suppose 24*d - 52 = 11*d. Is w(d) a composite number?
False
Suppose -5*z + 79*r - 83*r + 427997 = 0, 2*z = r + 171191. Is z composite?
False
Let a be 3/(-2) - 147/6. Let x be (-138)/10*(a + 1). Let r = x - 14. Is r a prime number?
True
Suppose -4153787 - 42287316 = -107*n. Is n a composite number?
False
Let s = 13 - 57. Let f = -34 - s. Suppose -2*w = f, -g + 648 = 2*g - 3*w. Is g prime?
True
Let c = -17 + 22. Suppose -k + c*i = -5*k + 1856, 1427 = 3*k - 5*i. Is k a prime number?
False
Let s(j) be the third derivative of j**5/60 - j**3/6 + 33*j**2. Let c be s(-2). Suppose -5*i - 2789 = -c*l - 9*i, 0 = -3*i + 15. Is l prime?
False
Suppose -2*c + 0 = 4*u - 16, -4*u + 3*c + 6 = 0. Suppose -710 + 149 = -3*b + u*v, -5*b - 4*v + 935 = 0. Is b a composite number?
True
Let b(m) = -m + 13. Let w(q) = q + 1. Let h(d) = b(d) - 6*w(d). Let g(z) = 11*z - 210. Let y be g(18). Is h(y) a prime number?
False
Let w = -1147 - -523. Let l = w - -875. Is l prime?
True
Let n = 92 + -95. Is n*2/10 + 179605/425 prime?
False
Let l be 4/64*4 - 4922/8. Let p = l + 1294. Is p a prime number?
False
Suppose -180 = -5*p + 4*m, -p + 2*m - 170 = -5*p. Is (-9489)/15*p/(-8) a composite number?
False
Suppose 21*v - 20*v - 20467 = 0. Is v a prime number?
False
Is (-6 - (-10054)/11)*53/4 a prime number?
False
Suppose -z - 11391 = 2*z. Let r = z - -6056. Suppose q = 10*q - r. Is q composite?
False
Suppose 11546706 = 171*v - 15955053. Is v a prime number?
True
Let u be (30/50)/((-2)/(-410)). Let h = 320 + u. Is h composite?
False
Let w(o) = -1188*o**2 + 398*o**2 - 2*o**3 + 467 + 394*o**2 - 15*o + 5*o + 395*o**2. Is w(0) composite?
False
Let s(c) = -13*c**3 + 9*c**2 + 16*c - 10. Let q(f) = -f**2 - 14*f - 7. Let h be q(-14). Is s(h) a prime number?
False
Suppose 0 = 3*z - 3*n - 80670, 5*z - 310*n + 315*n = 134440. Is z composite?
True
Let k(l) = l**3 + 7*l**2 - 7*l + 11. Let s = -4 + -4. Let x be k(s). Suppose -11769 = -5*g + z + 3*z, 4*g - 9416 = x*z. Is g composite?
False
Let l(w) = -8586*w**3 - w**2 - 10*w - 8. Suppose 1 = -13*x - 12. Is l(x) composite?
True
Suppose b - 422*l + 419*l - 358687 = 0, -b = 4*l - 358729. Is b prime?
False
Suppose 5*w = -4*z + 4356 + 1005, -2*z + 3*w + 2697 = 0. Let b = z + -359. Is b a composite number?
True
Let a = -13 - -69. Let p = 59 - a. Is (((-1)/p)/1)/(4/(-7044)) composite?
False
Suppose c = -g, -9 = 2*g + 1. Suppose -c*q + 3937 = -1518. Is q prime?
True
Let l(z) be the second derivative of 7*z + 58/3*z**3 + 0 - 27/2*z**2. Is l(5) prime?
False
Is (14/(28/98513) - 2) + 3/(-2) a composite number?
False
Let a(q) = -6*q + 3. Suppose 2*h + w + w = -2, 0 = 5*h + 4*w + 4. Let j be a(h). Suppose 1016 = -j*f + 11*f. Is f a prime number?
True
Suppose 0 = -91*s - 3239625 + 48671205 + 18956471. Is s a prime number?
True
Suppose -1279 = -9*p + 18575. Suppose 4*o = p + 3242. Let i = -809 + o. Is i prime?
False
Suppose -17*x = -32894 - 6971. Is 29/(7*5/x) prime?
False
Let k(f) = 6*f + 8. Let t be k(-1). Suppose 280 = 7*c - 5*c + 2*q, 0 = -c - t*q + 137. Is c prime?
False
Let q(u) = 258*u**2 + 9*u + 34. Is q(-5) a composite number?
True
Let q be 1364/(-279)*(-18)/4. Let i = 357 - q. Is i prime?
False
Suppose 24*z - 34*z - 5100 = 0. Let m = 1619 - z. Is m composite?
False
Is 6/33 - 105893/(-187)*(182 - 3) composite?
False
Suppose -1 = -3*t + n, -2*t - n + 11 = t. Suppose -5*h = -r - 1815, -t*h - r + 984 = 258. Let y = 562 - h. Is y prime?
True
Is (-356651)/(-3) + -8 + 110/15 prime?
False
Suppose 33*j + 77 = 275. Suppose j*z - 340 = 2*z. Is z a prime number?
False
Suppose 5*l - 20 = 0, -v + 2*l = l - 1. Suppose 0*y = -v*y + 21005. Is y a prime number?
True
Let o(n) = 3938*n - 16. Let s(k) = 3938*k - 17. Let l(c) = -6*o(c) + 5*s(c). Suppose 0 = -2*f + g, 0 = -4*g + 6*g + 4. Is l(f) prime?
False
Suppose -3770468 = -37*h - 66*h - 21*h. Is h a composite number?
True
Let y(q) = -7*q + 79. Let h be y(11). Suppose 16370 = 2*w - h*n, -10*w + 5*n = -7*w - 24551. Is w composite?
True
Let y = -15693 + 23438. Is y a prime number?
False
Let g(t) = -2*t**3 - 11*t**2 - 4*t + 39. Suppose 237*h - 234*h + 24 = 0. Is g(h) a composite number?
True
Is ((149942 + -6)/8)/(10/25) prime?
False
Let w(b) = 7711*b - 39. Let o be w(4). Suppose -22*u = -o - 51519. Is u a prime number?
False
Let y(v) = -v**3 + 12*v**2 + 25*v - 7. Let x(j) = 4*j - 6*j + 3 - j + 4*j**2. Let s be x(2). Is y(s) prime?
True
Suppose 13*l - 3147415 = -8*l + 1247066. Is l a composite number?
True
Suppose -31*t = -29*t - 14. Suppose -4*m = t*m - 11803. Is m prime?
False
Is (-60)/(-45 - -25) + (187335 - (2 - 1)) composite?
False
Suppose 1278 + 1578 = -h. Let w = -1889 - h. Is w a composite number?
False
Let d = 30823 - 13148. Suppose -8*j = -d + 2611. Suppose 4*t - 3*k = 5080, -j = 5*t - 4*k - 8232. Is t a prime number?
False
Let o = -1042723 - -1503594. Is o composite?
False
Suppose 13*f = -538728 - 206627. Is 8/(-20) - f/25 a prime number?
True
Let p be (6/(-4))/(5 + (-978)/192). Suppose 2*r - 2*q = -0 - p, 3*r + 2*q = -44. Is -3*(9344/r - 1 - -2) a composite number?
False
Suppose 3*u = -h + 3*h - 26289, h - 13158 = -3*u. Let t = h + -8878. Is t a prime number?
True
Let g be -3 - 0 - 23520/4. Let b = 920 - g. Is b a composite number?
False
Let o(f) = -74*f**3 - 34 - 7*f - 38 - 4*f**2 + 68. Is o(-3) a composite number?
False
Let u = -846 - -10398. Suppose 2*k + u = -k. Let i = k - -4721. Is i prime?
False
Let z(h) = 10*h**3 - h**2 + 35*h + 30. Let j be z(14). Suppose g = 5*v + 23518, j + 113311 = 6*g + 3*v. Is g prime?
False
Let h(w) be the third derivative of 347*w**5/60 + w**4/24 + 13*w**3/6 - 132*w**2. Is h(-2) composite?
False
Let b = -5 + 217. Is b - (-3)/(-2)*(-6)/(-9) composite?
False
Suppose 2*i - 877 + 2709 = 2*t, 0 = -5*i - 4*t - 4553. Let p = 630 - i. Is p a prime number?
True
Let r(u) = 26*u**3 + 3*u**2 + 4*u + 2. Let d be r(-1). Let x(q) = -q**3 - 12*q**2 + 5*q - 15. Is x(d) prime?
False
Suppose -17*j + 308735 = -14*j - 2*d, -4*d = -4*j + 411648. Is j a composite number?
False
Suppose -32 = t - 36. Suppose 526 = t*z + v, -139 = -0*z - z - 4*v. Is z a composite number?
False
Let c be 5*(-2)/(-5)*4. Let o(x) = -13*x**2 - 20*x + c*x + 2*x**2 + 2 - x**3. Is o(-11) prime?
False
Let r be (28/7)/(0 - -1). Let w(v) = 37*v**3 + v**2 - 23*v - 5. Is w(r) composite?
False
Let t = -1669 - -998. Let q = t - 332. Let r = q - -1772. Is r prime?
True
Let i = -510521 + 1042758. Is i composite?
True
Let c = 115013 - 51736. Is c a prime number?
True
Suppose 6*n + q - 69598 = 0, 23*n - 23218 = 21*n - 5*q. Is n a composite number?
True
Let r(t) = 35*t**3 - 50*t**2 + 424*t + 19. Is r(18) a prime number?
False
Suppose -4*w = w - 3735. Let o = 201 + w. Suppose -5*j + 0*k + 4792 = k, 0 = j - 5*k - o. Is j a composite number?
True
Let c(f) = 1511*f**3 - 24*f**2 + 111*f - 77. Is c(5) prime?
True
Let f be 0 + (18 - 1) + -6 + 5. Let p be ((-16)/(-6))/(f/72). Is ((-1516)/12)/((-4)/p) prime?
True
Suppose -7098 = 7*l + 5775. Let n = 3494 + l. Is n a composite number?
True
Let c be (5 - (6 + -2))*(-2 - 1). Let w(z) = -7*z - 7. Let u be w(c). Suppose 0 = 5*x + 4*k - 70, x - 5*k - u = -0*x. Is x a prime number?
False
Let h = -1222451 - -2193474. Is h a composite numbe